{"id":9,"date":"2018-02-16T13:45:49","date_gmt":"2018-02-16T13:45:49","guid":{"rendered":"http:\/\/www.pensionuslunce.cz\/?page_id=9"},"modified":"2024-08-26T09:06:26","modified_gmt":"2024-08-26T09:06:26","slug":"ubytovani-v-soukromem-apartmanu","status":"publish","type":"page","link":"https:\/\/www.pensionuslunce.cz\/","title":{"rendered":"\u010cesky"},"content":{"rendered":"<h2>Ubytov\u00e1n\u00ed pro 1-4 osoby<\/h2>\n<p>Soukrom\u00fd apartm\u00e1n v klidn\u00e9 a p\u0159\u00edjemn\u00e9 \u010dtvrti m\u011bsta Opavy a p\u0159itom jen p\u00e1r minut ch\u016fze od centra m\u011bsta. S perfektn\u00ed dostupnost\u00ed &#8211; zast\u00e1vka m\u011bstsk\u00e9 hromadn\u00e9 dopravy jen p\u00e1r minut ch\u016fze.<\/p>\n<p>Nedaleko penzionu se tak\u00e9 nach\u00e1z\u00ed m\u011bstsk\u00e9 l\u00e1zn\u011b. Restaurace je 5 minut ch\u016fze od penzionu. O kousek d\u00e1l se p\u0159es poklidn\u00fd park dostanete k vodn\u00ed n\u00e1dr\u017ei &#8211; St\u0159\u00edbrn\u00e9mu jezeru. Penzion nab\u00edz\u00ed komfortn\u00ed apartm\u00e1n pro 1 &#8211; 4 osoby v rodinn\u00e9m dom\u011b, s mo\u017enost\u00ed parkov\u00e1n\u00ed vozidla, vlastn\u00edm soukrom\u00edm a doslova rodinn\u00fdm z\u00e1zem\u00edm.<\/p>\n<h3>Apartm\u00e1n:<\/h3>\n<ul>\n<li>velikost apartm\u00e1nu\u00a0 49 m2<\/li>\n<li>lo\u017enice<\/li>\n<li>ob\u00fdvac\u00ed pokoj s kuchy\u0148sk\u00fdm koutem<\/li>\n<li>TV<\/li>\n<li>koupelna, WC<\/li>\n<li>samostatn\u00fd vchod<\/li>\n<li>terasa<\/li>\n<li>parkov\u00e1n\u00ed mo\u017en\u00e9<\/li>\n<li>dom\u00e1c\u00ed zv\u00ed\u0159ata mo\u017en\u00e1<\/li>\n<\/ul>\n<p>Kou\u0159en\u00ed v penzionu nen\u00ed mo\u017en\u00e9 .<\/p>\n<p><strong>V\u0160E ZA VELMI V\u00ddHODN\u00c9 CENY<\/strong><br \/>\nCeny jsou orienta\u010dn\u00ed a mohou se m\u011bnit v z\u00e1vislosti na d\u00e9lce ubytov\u00e1n\u00ed. V\u011bt\u0161inou z\u00e1le\u017e\u00ed na konkr\u00e9tn\u00ed domluv\u011b. Cena za jeden den<\/p>\n<p><strong>Po\u010det osob \/ cena<\/strong><br \/>\n1 Osoba &#8230;&#8230;&#8230;&#8230;&#8230;&#8230;&#8230;&#8230;&#8230; 1100 K\u010d<br \/>\n2 Osoby &#8230;&#8230;&#8230;&#8230;&#8230;&#8230;&#8230;&#8230;&#8230;1800 K\u010d<br \/>\n3 Osoby &#8230;&#8230;&#8230;&#8230;&#8230;&#8230;&#8230;&#8230;.. 2200 K\u010d<br \/>\n4 Osoby &#8230;&#8230;&#8230;&#8230;&#8230;&#8230;&#8230;&#8230;.. 2600 K\u010d<br \/>\nmal\u00fd pes &#8230;&#8230;&#8230;&#8230;&#8230;&#8230;&#8230;&#8230;&#8230;.\u00a0 \u00a050 K\u010d<\/p>\n<h6>Posledn\u00ed aktualizace: 25.8.2024<br \/>\n(Vyhrazujeme si pr\u00e1vo zm\u011bnit ceny bez p\u0159edchoz\u00edho upozorn\u011bn\u00ed.)<\/h6>\n<p>&nbsp;<\/p>\n","protected":false},"excerpt":{"rendered":"<p>Ubytov\u00e1n\u00ed pro 1-4 osoby Soukrom\u00fd apartm\u00e1n v klidn\u00e9 a p\u0159\u00edjemn\u00e9 \u010dtvrti m\u011bsta Opavy a p\u0159itom jen p\u00e1r minut ch\u016fze od centra m\u011bsta. S perfektn\u00ed dostupnost\u00ed &#8211; zast\u00e1vka m\u011bstsk\u00e9 hromadn\u00e9 dopravy jen p\u00e1r minut ch\u016fze. Nedaleko penzionu se tak\u00e9 nach\u00e1z\u00ed m\u011bstsk\u00e9 l\u00e1zn\u011b. Restaurace je 5 minut ch\u016fze od penzionu. O kousek d\u00e1l se p\u0159es poklidn\u00fd park [&hellip;]<\/p>\n","protected":false},"author":1,"featured_media":0,"parent":0,"menu_order":0,"comment_status":"closed","ping_status":"closed","template":"","meta":{"footnotes":""},"class_list":["post-9","page","type-page","status-publish","hentry"],"_links":{"self":[{"href":"https:\/\/www.pensionuslunce.cz\/index.php\/wp-json\/wp\/v2\/pages\/9"}],"collection":[{"href":"https:\/\/www.pensionuslunce.cz\/index.php\/wp-json\/wp\/v2\/pages"}],"about":[{"href":"https:\/\/www.pensionuslunce.cz\/index.php\/wp-json\/wp\/v2\/types\/page"}],"author":[{"embeddable":true,"href":"https:\/\/www.pensionuslunce.cz\/index.php\/wp-json\/wp\/v2\/users\/1"}],"replies":[{"embeddable":true,"href":"https:\/\/www.pensionuslunce.cz\/index.php\/wp-json\/wp\/v2\/comments?post=9"}],"version-history":[{"count":24,"href":"https:\/\/www.pensionuslunce.cz\/index.php\/wp-json\/wp\/v2\/pages\/9\/revisions"}],"predecessor-version":[{"id":109,"href":"https:\/\/www.pensionuslunce.cz\/index.php\/wp-json\/wp\/v2\/pages\/9\/revisions\/109"}],"wp:attachment":[{"href":"https:\/\/www.pensionuslunce.cz\/index.php\/wp-json\/wp\/v2\/media?parent=9"}],"curies":[{"name":"wp","href":"https:\/\/api.w.org\/{rel}","templated":true}]}}